et p = -100 + 111. Calculate the greatest common factor of c and p.
11
Suppose 2*b - 10 = 0, 5*m - 4*b + 1 = -4. Suppose 4*w = -3*j + 29, 0 = 3*w - j - 6 - 6. Suppose w*l - 91 = 14. Calculate the greatest common factor of m and l.
3
Let l(i) = i**3 - 12*i**2 + 2*i - 6. Let y be l(12). Calculate the highest common divisor of y and 126.
18
Let n = -36 + 27. Let s be 42 - (n + 8 - (-3 - 0)). What is the greatest common factor of 5 and s?
5
Suppose -3150 = -138*h + 33*h. Let g = -177 - -507. What is the highest common divisor of h and g?
30
Let d be (-2 + 11 + 4)/1. Let a(s) = s**2 + s + 104. Let y = 35 - 35. Let u be a(y). What is the highest common factor of d and u?
13
Suppose -4 = -4*v - 4*n + 60, 4*v - 64 = 2*n. Calculate the highest common factor of 256 and v.
16
Let t be 4/58 + 325314/957. What is the highest common divisor of t and 272?
68
Let h be 1*-368*(-2)/4. Suppose -185*g + 216 = -h*g. Suppose -q + 3*b = -9, -4*b + 0*b + 68 = 2*q. What is the greatest common divisor of q and g?
24
Suppose 14*l + 661 = 745. Let b = 0 - -18. Calculate the highest common factor of b and l.
6
Let d(r) = r**2 + 2*r + 19. Let p be d(-21). What is the highest common factor of p and 38?
38
Let t = -913 + 938. What is the highest common divisor of t and 1?
1
Let v be 3 + 1*(-1 + 135)/2. Suppose 16*b - 9*b - v = 0. What is the highest common divisor of b and 6?
2
Suppose 0 = 28*w - 30*w. Suppose 3*u = 3*q - 579, w*q = 3*q + u - 591. Calculate the greatest common divisor of q and 28.
28
Suppose -4*z - 2*a = 162, -3*a + 0*a = -4*z - 157. Let v = z - -76. Calculate the greatest common divisor of 90 and v.
18
Let r(c) = -c**3 + 15*c**2 - 14*c + 11. Let j be r(14). Let f = 488 - 455. Calculate the highest common divisor of f and j.
11
Let g be (-5 - -11)*-1*-8. Suppose 2*z + 4*n - 56 = 0, g = 3*z + n - 56. Calculate the highest common factor of z and 9.
9
Let c be (-1)/(1*(-1 + 2)). Let f be (-23 + 3 + -3)*c. Suppose -r = -16*r + 345. What is the highest common divisor of r and f?
23
Let u(r) = -3*r**2 + 4*r + 9. Let l be u(5). Let x be ((-1)/3)/((-3)/153). Let m = x - l. What is the greatest common factor of m and 7?
7
Let b(s) = s**2 - 23*s + 8. Let q be b(24). Calculate the highest common factor of q and 1328.
16
Suppose 13 = -2*a + 3*d, a - 2*d + 0*d = -8. Let b be 17 + (-4 - a) - 0. What is the highest common divisor of b and 5?
5
Suppose -1080 = -5*g - 5*g. Calculate the highest common divisor of g and 576.
36
Let a(h) = h**2 - 26*h - 84. Let u be a(36). Calculate the greatest common divisor of 12 and u.
12
Let x be (420 + -417)/(3/2). Suppose -51 = -5*v + 39. What is the highest common divisor of x and v?
2
Let f(c) = c**3 - 12*c**2 + 12*c + 3. Let h be f(11). Let s be 214/h - (-22)/(-77). Calculate the greatest common divisor of s and 5.
5
Let j be ((-14)/(-6) - 3)*-21. Let r = -17 + j. Let t be (1 + r - -3)*2. Calculate the greatest common factor of t and 20.
2
Let b = 1242 - 633. What is the greatest common factor of b and 174?
87
Let m(i) = 6*i**2 + 4*i + 3. Let h be m(-3). Let g = -464 - -738. Let z = h + g. Calculate the highest common factor of 29 and z.
29
Suppose -18*s - 48 = -17*s. Let u be (s/2)/(14/(-21)*3). Calculate the greatest common divisor of u and 156.
12
Suppose 5*o = 16 + 9. Suppose 18*k + 77 = 257. What is the highest common divisor of o and k?
5
Let r(i) = i**3 - 8*i**2 + 13*i - 2. Let s be r(6). Suppose 2*u + 4*c = 24, -s*u + 57 = -5*c - 4. Calculate the greatest common factor of 84 and u.
14
Suppose m - 70 = -2*p - 4*m, -5*p = m - 198. Suppose -16 = -7*x + 3*x. Calculate the highest common divisor of p and x.
4
Suppose 4*u = 4*t - 376, 0 = u - 4*u - 12. Calculate the highest common factor of 20 and t.
10
Suppose -2*v - 5*k + 2901 = 0, -5*v - 5*k - 12 + 7287 = 0. What is the greatest common divisor of v and 108?
54
Let z(k) = k**2 - 5*k + 8. Let n be z(5). Let x be (n/(-12))/(6/45). Let o be (1 + x)*(-230)/8. Calculate the greatest common factor of o and 46.
23
Suppose -6*m + 2*m = -36. Let j = -7 + m. Calculate the greatest common factor of 9 and j.
1
Let t = -1720 - -1960. Calculate the greatest common factor of 100 and t.
20
Suppose 7*q = -11*q + 144. What is the greatest common factor of q and 256?
8
Suppose 0 = -2*q + 6, -3*q = 4*t - 38 - 11. Let o be -15*30/36*(-8)/t. Calculate the greatest common factor of o and 80.
10
Suppose 0 = -3*w - w + 32. Suppose -w*x + 5*x = -36. What is the highest common factor of 20 and x?
4
Let c(w) = w**2 + 10*w + 11. Let b be c(-10). Let t(s) = 0*s - 2*s - 5*s - 1 - b*s. Let p be t(-1). What is the greatest common factor of p and 153?
17
Suppose -4*f = -4, 23*f = -4*w + 24*f + 11. Calculate the highest common factor of 3 and w.
3
Suppose -q + 33 = j + 4*q, -q - 9 = -j. What is the highest common divisor of 52 and j?
13
Suppose 0*p = -3*p - 2*z + 46, -5*z + 80 = 5*p. What is the highest common factor of 1008 and p?
14
Suppose -y - 2 + 4 = 0. Suppose -y*k + 92 + 52 = 0. Suppose 0 = -2*z + k + 90. Calculate the greatest common divisor of 9 and z.
9
Suppose -6*l - 17 + 1487 = 0. Calculate the highest common factor of l and 7.
7
Suppose p + 281 = 2*y, 8*y + 4*p = 3*y + 696. What is the highest common divisor of 175 and y?
35
Suppose -16 - 40 = -4*a. Suppose -2*z - 33 = -2*o + 345, -4*o - 4*z = -748. Let d = 286 - o. What is the highest common factor of a and d?
14
Suppose p = 2*g - 14 + 21, 4*g = -5*p + 49. Calculate the highest common divisor of p and 5.
1
Let k be 1/(-4) + ((-33)/(-4))/1. Let m(c) = 2*c**2 - 6*c - 4. Let a be m(k). Suppose 33 = 2*g - 5. What is the greatest common factor of a and g?
19
Let a = 395 - 381. Let k = -2 - -1. Let v be (-2 + 4 - k)*7. What is the highest common divisor of v and a?
7
Let z = -90 - -95. Suppose -2*i = -2*q - 204, z*i + 3*q = -q + 537. Calculate the greatest common factor of 42 and i.
21
Let w(y) = -y**2 + 21*y + 8. Let g be w(16). What is the greatest common factor of 32 and g?
8
Let g be 2 - (50/(-1))/5. What is the highest common divisor of g and 84?
12
Suppose -5*k = 34*m - 39*m + 1260, 5*k + 1007 = 4*m. Suppose -2*n - 17 = d - 2*d, 0 = -3*d - 2*n + 75. What is the highest common factor of m and d?
23
Suppose 2 + 2 = 4*d. Let r be 136 - (-3 - 1/d). Suppose -r = -2*i - 3*i. What is the greatest common factor of 7 and i?
7
Let c = 1 + -1. Let p(q) = q**3 - q**2 + q - 1. Let m be p(c). Let l be (38 + 0 - 4) + m. Calculate the greatest common divisor of 11 and l.
11
Let z be (-4)/22 - (78/(-66) + -1). Suppose z*k - 6 = 0, k + 13 = 2*w - 10. Calculate the highest common factor of 52 and w.
13
Let d = 127 - 53. Suppose 3*m = -14 + d. What is the highest common divisor of m and 60?
20
Suppose -4*x + 3*d + 472 = 0, 4*x + 58*d = 59*d + 464. What is the greatest common divisor of x and 5?
5
Let o(u) = -u**2 - 17*u + 7. Let m be o(-5). What is the greatest common factor of 2412 and m?
67
Suppose 27 = -8*j + 211. What is the greatest common factor of 69 and j?
23
Suppose 3*y = 5*h + 43, 6*h + 72 = 4*y + 3*h. Calculate the highest common divisor of 49 and y.
7
Let a be 3/(21/(-4) + 6). What is the highest common divisor of a and 18?
2
Let j = 18 + -18. Suppose 3*m - 5*m + 4 = j. Suppose 2*w + 5*h - 95 = -0*h, m*h = -w + 46. Calculate the greatest common divisor of w and 16.
8
Let x be ((-3)/6)/(7/(-5082)). What is the highest common divisor of 33 and x?
33
Let y(x) = x**3 - x**2 + x + 4. Let k be y(0). Suppose -q = -p - 8, -k*q = q + p - 52. Let d = q - -44. What is the highest common factor of 36 and d?
18
Let c = 24 - 18. Suppose -c*j + 22 + 98 = 0. What is the highest common divisor of 4 and j?
4
Let r be 30/(-4)*(-64)/6. Let s be 2 + (-15)/7 + 142/14. What is the greatest common factor of r and s?
10
Let t = 22 + 20. Suppose -6 = -2*m, 3*p - t = -0*m - 2*m. Calculate the highest common factor of 108 and p.
12
Let z be ((-7)/4)/(1 + (-29)/28). Suppose z = 3*n + 4*b, -3*b = -3*n + 5*n - 33. Calculate the greatest common factor of 10 and n.
5
Let u = 4 - 32. Let l = -26 - u. Let q(n) = 2*n**2 + 6*n - 4. Let s be q(-5). Calculate the highest common divisor of l and s.
2
Let i = 4 + -3. Let r(a) = -a**2 - a + 42. Let y be r(-7). Suppose f - 2 - 8 = y. Calculate the highest common factor of i and f.
1
Suppose -p - 3*d = 83, 44 - 421 = 4*p - 3*d. Let l = 225 + p. Le